{"id":4,"date":"2015-03-24T19:24:23","date_gmt":"2015-03-24T19:24:23","guid":{"rendered":"http:\/\/www.planetapiticilor.ro\/?page_id=4"},"modified":"2015-03-26T09:48:04","modified_gmt":"2015-03-26T09:48:04","slug":"despre-noi","status":"publish","type":"page","link":"https:\/\/www.planetapiticilor.ro\/","title":{"rendered":"Despre noi"},"content":{"rendered":"<p><em>\u201c Ne na\u0219tem slabi \u0219i avem nevoie de putere; ne na\u0219tem neputincio\u0219i \u0219i avem nevoie de ajutor; ne na\u0219tem m\u0103rgini\u021bi \u0219i avem nevoie de judecat\u0103. Ceea ce ne lipse\u0219te cand venim pe lume, \u0219i de care avem nevoie mai t\u00e2rziu ne este dat prin educa\u021bie\u201d<\/em><\/p>\n<p>( J.J.Rousseau)<\/p>\n<p style=\"text-align: center;\"><a href=\"http:\/\/www.planetapiticilor.ro\/wp-content\/uploads\/2015\/03\/planeta-piticilor-timisoara-gradinita2.jpg\"><img decoding=\"async\" loading=\"lazy\" class=\"alignnone size-full wp-image-37\" src=\"http:\/\/www.planetapiticilor.ro\/wp-content\/uploads\/2015\/03\/planeta-piticilor-timisoara-gradinita2.jpg\" alt=\"planeta-piticilor-timisoara-gradinita2\" width=\"774\" height=\"400\" srcset=\"https:\/\/www.planetapiticilor.ro\/wp-content\/uploads\/2015\/03\/planeta-piticilor-timisoara-gradinita2.jpg 774w, https:\/\/www.planetapiticilor.ro\/wp-content\/uploads\/2015\/03\/planeta-piticilor-timisoara-gradinita2-300x155.jpg 300w\" sizes=\"(max-width: 774px) 100vw, 774px\" \/><\/a><\/p>\n<p>&nbsp;<\/p>\n<p>Gr\u0103dini\u0163a PP Planeta Piticilor desf\u0103\u015foar\u0103 o activitate didactic\u0103 \u00een conformitate cu noul curriculum pentru \u00eenv\u0103\u0163\u0103m\u00e2nt pre\u015fcolar \u015fi \u0163in\u00e2nd cont de nivelul propriu de dezvoltare al fiec\u0103rui copil, de particularit\u0103\u0163ile de v\u0103rst\u0103, valorific\u0103nd astfel poten\u0163ialul creator al fiec\u0103ruia.<\/p>\n<p>Activit\u0103\u0163ile desf\u0103surate in gr\u0103dinit\u0103 promoveaz\u0103 si stimuleaz\u0103 dezvoltarea afectiv\u0103, intelectual\u0103 si fizic\u0103 a fiecarui copil in parte.<\/p>\n<p>Obiectivele gr\u0103dinitei noastre sunt raportate in permanent\u0103 la copil si la cerintele mediului social din care urmeaz\u0103 s\u0103 faca parte. Urm\u0103rim astfel:<\/p>\n<ul>\n<li>Dezvoltarea capacitatii de a interactiona cu alti copii,cu adultii si cu mediul pentru a dobandi cunostinte, deprinderi, abilitati si conduite noi.<\/li>\n<li>Dezoltarea gandirii logice si coerente<\/li>\n<li>Sprijinirea copilului in achizitionarea de cunostiinte si deprinderi necesare acestuia pentru perioada scolara si pentru viata<\/li>\n<li>Obtinerea treptata a autonomiei personale si sociale<\/li>\n<li>Stimularea creativitatii copilului si dezvoltarea imaginatiei<\/li>\n<\/ul>\n<h3>Ce ne propunem?<\/h3>\n<p>Specificul unitatii noastre intre alte gradinite este dat de perspectiva de a asigura fiecarui copil dreptul la o educatie. Consideram ca o educatie de calitate nu poate face abstractie de dimensiunile sufletesti profunde si de aceea incercam sa venim in sprijinul familiilor cu o educatie bazata pe intelegere si comunicare materializata printr-o activitate diversificata.<\/p>\n<p><strong>Gr\u0103dini\u021ba este autorizat\u0103 de c\u0103tre Ministerul Educa\u021biei, Cercetarii, Tineretului \u0219i Sportului, conform ordinului nr. 4574\/ din 10.09.2014.<\/strong><\/p>\n<p>Ne mandrim cu performantele copiilor nostri care au obtinut rezultate foarte bune atat in timpul frecventarii gradinitei cat si la scoala:<\/p>\n<ul>\n<li>Locul I obtinut de PITICOR in anul scolar 2013-2014 la concursul judetean \u201cFeerie de iarna\u201d<\/li>\n<li>Locul I obtinut de PITICOR in anul scolar 2014-2015 la concursul judetean \u201cFeerie de iarna\u201d<\/li>\n<li>Participarea PITICOR in cadrul concertului sustinut de corul Madrigal la Opera Nationala din Timisoara (decembrie 2014)<\/li>\n<li>Rezultate foarte bune obtinute de scolarii grupei pregatitoare in cadrul concursurilor Comper si Gazeta matematica<\/li>\n<\/ul>\n","protected":false},"excerpt":{"rendered":"<p>\u201c Ne na\u0219tem slabi \u0219i avem nevoie de putere; ne na\u0219tem neputincio\u0219i \u0219i avem nevoie de ajutor; ne na\u0219tem m\u0103rgini\u021bi \u0219i avem nevoie de judecat\u0103. Ceea ce ne lipse\u0219te cand venim pe lume, \u0219i de care avem nevoie mai t\u00e2rziu&hellip; <\/p>\n","protected":false},"author":1,"featured_media":0,"parent":0,"menu_order":0,"comment_status":"closed","ping_status":"closed","template":"","meta":[],"_links":{"self":[{"href":"https:\/\/www.planetapiticilor.ro\/index.php?rest_route=\/wp\/v2\/pages\/4"}],"collection":[{"href":"https:\/\/www.planetapiticilor.ro\/index.php?rest_route=\/wp\/v2\/pages"}],"about":[{"href":"https:\/\/www.planetapiticilor.ro\/index.php?rest_route=\/wp\/v2\/types\/page"}],"author":[{"embeddable":true,"href":"https:\/\/www.planetapiticilor.ro\/index.php?rest_route=\/wp\/v2\/users\/1"}],"replies":[{"embeddable":true,"href":"https:\/\/www.planetapiticilor.ro\/index.php?rest_route=%2Fwp%2Fv2%2Fcomments&post=4"}],"version-history":[{"count":13,"href":"https:\/\/www.planetapiticilor.ro\/index.php?rest_route=\/wp\/v2\/pages\/4\/revisions"}],"predecessor-version":[{"id":76,"href":"https:\/\/www.planetapiticilor.ro\/index.php?rest_route=\/wp\/v2\/pages\/4\/revisions\/76"}],"wp:attachment":[{"href":"https:\/\/www.planetapiticilor.ro\/index.php?rest_route=%2Fwp%2Fv2%2Fmedia&parent=4"}],"curies":[{"name":"wp","href":"https:\/\/api.w.org\/{rel}","templated":true}]}}